2 - 3*x - 14. Determine f(k).
4
Let o(n) = -n**2 + 3*n + 5. Let m(s) = -s - 2. Let p = 23 - 30. Let r be m(p). Suppose 8 = -r*v + 7*v. Calculate o(v).
1
Let r = 5772 - 5770. Let k(v) = -v**3 + v**2 + 4*v - 3. Determine k(r).
1
Let k = 385 - 383. Suppose -2 = -3*l + 4. Let y(s) = l*s**2 + 5 - 3 + 4 - 4 - 4*s. Calculate y(k).
2
Suppose 4*k + 171*q - 4 = 175*q, 2*k - q = 1. Let s(m) = m + 4. What is s(k)?
4
Let j(w) = 2*w**2 - 3. Let x(g) = g**3 - 12*g**2 + 2*g + 27. Let c(n) = 6*j(n) + x(n). What is c(-4)?
-63
Let x(y) = -3*y - 175 + 2*y + 234 - 82. Determine x(-15).
-8
Suppose -3*t + 28 = 4*f, 0*t + 2*t - 4*f = -8. Suppose -t*r - r + 10 = 3*a, -2*a - 20 = -2*r. Let x(v) = -v + 2. Give x(r).
-3
Suppose -105 = 4*j + 3*h + 65, 5*j + 2*h + 209 = 0. Let c = 42 + j. Let i(m) = -m. Let z(d) = -5*d + 3. Let s(u) = c*z(u) - 6*i(u). Determine s(-3).
0
Let h(i) = -2*i**2 + 3*i - 72*i**3 + 9386 - 9383 + 3*i**2. Calculate h(-1).
73
Let q(m) = 5*m + 10*m - 61 - 2*m - 218*m**2 + 202*m**2 - 14 - m**3. What is q(-17)?
-7
Let k(r) = 5*r**2 + 5*r. Let n(f) = -26*f**2 - 26*f - 1. Let g(z) = -11*k(z) - 2*n(z). Let a(w) = -7*w - 354. Let y be a(-51). Calculate g(y).
-34
Let f(c) = -c**2 + 6*c + 83. Suppose 10*b + 24 = 46 + 98. What is f(b)?
11
Let r(u) = 2*u**2 + 4*u - 3. Let y be r(2). Suppose -6*p + 14 = -y*p. Let q be (-9)/27 - (-2)/6*p. Let l(a) = -a**2 + 2*a + 1. What is l(q)?
-2
Let n(j) = -8*j - 321. Suppose -48*l = 99*l + 8374 - 2641. Give n(l).
-9
Let x(i) = -3*i**2 - i + 2. Suppose -c + 2*d - 82 = 0, -c = -6*c + 4*d - 434. Let h be (2/6)/(2 - (-178)/c). Let u be (-4 - (-57)/h) + (-9)/5. Determine x(u).
-8
Suppose -2*n + 10 = 5*k, 4*n + 2 = -0*n + k. Suppose n = -x - 2*q - 9, 5*x - 14 = x + 2*q. Let p be 2 - (x - -2) - -1. Let c(z) = z**2 - z + 27. What is c(p)?
27
Let c(k) be the first derivative of k**3/3 - 4*k**2 + 13*k - 30. Let s be c(7). Let m(i) = -i + 3 - 6 + s - 6. Give m(0).
-3
Let z(q) = 8*q + 46. Let n = -634 + 627. Give z(n).
-10
Let d = 5628 - 5626. Let m(z) = 10*z - 17. Determine m(d).
3
Let o(b) = -4 + 3*b**2 + 4*b**3 + 7 + 2*b + 0*b. Let w be -10*(-2)/4*-1. Let h(g) = -g**3 - 3*g**2 + 10*g - 2. Let k be h(w). What is o(k)?
-21
Let i(z) = z**3 + 2*z**2 - 3*z + 8. Let r be i(2). Let t(g) = -16 + 8 + 3*g + 11 + r. Give t(-9).
-6
Let j(t) = -3*t**2 + 11*t + 15. Let v(k) = 2*k**2 - 5*k - 8. Let u(w) = -3*j(w) - 5*v(w). Let y(n) = n**2 - 909*n + 44558. Let x be y(52). Calculate u(x).
7
Let j = 9856 + -9860. Let x(g) = g**2 + 2*g - 1. What is x(j)?
7
Let k = -49 - -57. Let s(a) = k*a + 37*a - 11*a. What is s(-1)?
-34
Let u(m) = m**2 - 3*m + 39. Let h be u(6). Let r(z) = 0*z + 54 - 103 + z + h. Calculate r(-7).
1
Let w(z) = -3*z + 1. Let l be (-2)/(-8) + (-7)/(-4). Suppose 3*b - l + 10 = -5*n, 2*n = -2. Let c(q) = -4*q**3 - 3*q - 2. Let r be c(b). Calculate w(r).
-14
Let m(p) = -3*p**2 - 9*p + 1. Let c(i) = -i**2 - i + 1. Let o(l) = -2*c(l) + m(l). Let a(w) = -5*w**3 + 271*w**2 - 52*w - 114. Let b be a(54). Give o(b).
5
Let w(b) = 19*b - 23. Let o be 5*(-5)/15*(-9)/5. Let m(j) = 7*j - 8. Let s(p) = o*w(p) - 8*m(p). Give s(-6).
-11
Let y(c) be the third derivative of -2*c**3 - 1/60*c**5 + c - 2/3*c**4 + 25*c**2 + 0. Calculate y(-15).
3
Let l(s) = s**3 + s**3 + 7*s - 6 - 3*s**3 + 5*s**2. Let c = -187 + 205. Suppose c = 3*v - 0*v + 2*j, 0 = 5*v + 4*j - 30. What is l(v)?
0
Suppose 0 = 9*l + 26 - 2312. Suppose -l*s = -252*s - 16. Let q(z) = z**3 - 8*z**2 + 3*z + 3. What is q(s)?
27
Let c be 26/11 - (-556)/(-1529). Let i(y) be the third derivative of -15*y**c - 1/24*y**4 + 0*y - 1/6*y**3 + 0. What is i(-1)?
0
Let z(k) be the first derivative of k**3/3 - k**2/2 - 123*k - 86. Let d(h) be the first derivative of z(h). What is d(1)?
1
Suppose -5*f - 28*v + 20 = -27*v, -2*v = 0. Let h(s) = -9*s - 10. Let x(t) = -11*t - 12. Let n(j) = f*x(j) - 5*h(j). Give n(-2).
0
Let k(i) = i**3 - i**2 + 3*i - 1. Let l(f) = 2*f**2 + 14*f - 194. Let w be l(7). Calculate k(w).
9
Let k(q) be the third derivative of 0 + 0*q + 1/120*q**6 + q**2 - 1/2*q**3 + 0*q**5 - 1/8*q**4. Let j = -356 + 354. Determine k(j).
-5
Let c(h) = -8*h**3 + h**2 + 1. Let l = -1117 - -1115. Calculate c(l).
69
Let d be 129/(-18) - 4/(-24). Let p(u) = 0*u + 8 - u**3 - 83*u - 7*u + 87*u - 8*u**2. Calculate p(d).
-20
Let m(c) = 25*c + 17. Let a(d) = -29*d - 18. Suppose 0 = -6*j + 62 - 20. Let k(v) = j*m(v) + 6*a(v). Determine k(-7).
4
Let f(i) = -58 - 4*i + 10*i + 41 - 7*i. What is f(-6)?
-11
Let j(f) be the first derivative of f**5/60 + f**4/6 + 2*f**3/3 - 35. Let u(r) be the third derivative of j(r). Calculate u(-3).
-2
Let m(p) be the first derivative of -p**6/10 + p**5/30 + p**4/12 + p**3/6 + 11*p**2/2 + 3*p - 119. Let u(x) be the second derivative of m(x). What is u(-1)?
13
Let t(c) = -c**3 - 27*c**2 - 25*c + 13. Let m be 4/(-6)*(-741)/(-19). Calculate t(m).
-13
Let r(u) = u + 6. Let g(p) be the third derivative of -p**4/4 - 107*p**3/6 - 3*p**2 - 22. Let m be g(-19). Determine r(m).
13
Suppose 4*z - 7*b + 3*b = 16, 5*z = 4*b + 19. Let j(h) = 3*h**2 + 5 + h**3 - 6 - h - 2*h**z. What is j(2)?
1
Let q(m) = 2*m**3 + 6*m**2 - 6*m**2 - 8*m - 1 + 9*m**2 + 3 + 6*m**2. Give q(-8).
2
Suppose -32 = -f - 30. Let j be (32/14 + -4)*-7. Let i(g) = j*g - 3*g**2 + 0*g - 8 - g + f*g**2. What is i(9)?
10
Let r(j) = -j**3 - 8*j**2 - 7*j + 5. Suppose 21*c = -10 - 74. Let v be c - (6/15)/((-7)/(-35)). Determine r(v).
-25
Let d(r) be the first derivative of -r**2/2 + 2. Let c be ((-150)/8 - 0)*(-1 - 11). Let s be (-5)/20 + c/36. Give d(s).
-6
Let f(l) = -10*l**3 - 27*l**2 + 166*l + 25. Let r(z) = -5*z**3 - 14*z**2 + 94*z + 13. Let y(i) = 4*f(i) - 7*r(i). What is y(-2)?
-3
Let q be (96/40)/(2/40). Suppose 53 - q = -5*c. Let a(w) = 7*w - 35*w + 7*w. Determine a(c).
21
Let l(v) = 17*v + 5. Let g(k) = -13*k - 6. Let h = 555 - 559. Let n(j) = h*g(j) - 3*l(j). Give n(-8).
1
Suppose -2*o - 8*y + 9*y + 15 = 0, -2*y - 18 = -2*o. Let v(u) = 14*u**2 - 86*u + 9. Let d be v(o). Let k(h) = -6*h - 13. Give k(d).
5
Let u(b) = -b**3 - 7*b**2 + 4*b - 28. Suppose 0 = -48*j + 50*j + 2*z + 28, -2*j - z = 22. What is u(j)?
4
Let l(i) = -11*i**2 - 1 + 5*i**2 + 5*i**2 - 12*i. Let d be l(-12). Let y(t) = 2*t**2. Let g(j) = -12*j**2 - 2*j - 1. Let r(a) = -g(a) + 2*y(a). Calculate r(d).
15
Let c be (20 - 21)*4/((-12)/57). Let k(w) = 791*w + 19 - c - 790*w. Calculate k(-5).
-5
Suppose 5*o + 5*z = 80, -4*z + 18 + 27 = 3*o. Let f(k) = -1 - 18*k + 23*k**2 - 28*k**2 + k**3 + o*k. Determine f(5).
4
Let w(u) = -u + 14. Let d(z) = 3*z**2 - z - 2. Let x be d(-1). Let i(j) = 3*j**3 - 2*j**2 - 4*j + 12. Let c be i(x). Give w(c).
-6
Let x(s) be the first derivative of -s**4/2 + 20*s**3/3 + 2*s**2 - 12*s + 6344. Calculate x(10).
28
Let p(w) = -w - 15. Let n be p(-15). Let d be (n*(-4)/(-12))/3 + 4. Let o(z) = -3*z + 4*z - 8 + 14 + d. Give o(-7).
3
Let v(k) = 2*k + 2. Let n be v(0). Suppose -5*h + 2*f = 21 - 99, -n*h - 2*f = -20. Let m be 0 + -3 + h - 4. Let t(b) = -2*b + 9. Determine t(m).
-5
Let w(y) = -y**2 + 2*y + 31. Let h = -1444 + 1439. Give w(h).
-4
Let v be ((-138)/115)/2*5. Let q = -8 + 11. Let s(w) = 3*w + 4*w**2 - q + 7 + w**3 + 0. Calculate s(v).
4
Let m(k) = k**2 + 5*k - 2. Suppose -2*q - 33 = -39. Give m(q).
22
Suppose -5*y = 5*g + 345, 4*y - 145 = -3*g - 421. Let b = -65 - y. Let j(r) = -2*r**2 + 6*r - 2. Give j(b).
-10
Let l(u) = -9 + 1 - 25 + 5 + 13 + 6*u. Give l(-3).
-33
Suppose 2*k = -k + 12. Let c(r) be the third derivative of r**6/720 - r**5/120 - 47*r**4/4 - 299*r**2. Let n(s) be the second derivative of c(s). What is n(k)?
3
Let j(w) be the third derivative of -w**5/60 - w**4/6 + 5*w**3/6 + 2250*w**2. Suppose -5*a - i - i = 21, -a - 15 = -5*i. Calculate j(a).
0
Let i be (4/(-12))/(1/(-18)). Let h(z) = 21*z - 2 - 2 - 39*z + 1 + 21*z. Give h(i).
15
Let i(x) = -3*x - 3. Let a = 2832 - 2828. What is i(a)?
-15
Let k(a) = -a**3 - 5*a**2 - a + 2. Let j = -193 - -142. Let p = -56 - j. Determine k(p).
7
Suppose 0 = 13*m + 3120 - 2886. Let q(f) = -f - 25. Calculate q(m).
-7
Let y(h) = -13*h - 99. Let x(n) = -22*n - 170. Let z(v) = 6*x(v) - 10*y(v). Calculate z(-28).
26
Let l(v) = -v**2 + 6*v - 1. Let z(s) = -s**2 - 167. Let b be z(0). Let h = 172 + b. Give l(h).
4
Let i(v) be the third derivative of -v**4/24 - v**2. Let x(g) = -g**2 + 12*g + 19. 